{"id":2319,"date":"2021-01-25T11:28:55","date_gmt":"2021-01-25T10:28:55","guid":{"rendered":"https:\/\/muetterberatung-bl-bs.ch\/2\/?page_id=2319"},"modified":"2022-01-31T10:48:59","modified_gmt":"2022-01-31T09:48:59","slug":"informationen-fuer-eltern","status":"publish","type":"page","link":"https:\/\/muetterberatung-bl-bs.ch\/2\/fuer-eltern\/informationen-fuer-eltern\/","title":{"rendered":"Informationen f\u00fcr Eltern"},"content":{"rendered":"<p><div class=\"fusion-fullwidth fullwidth-box fusion-builder-row-1 fusion-flex-container hundred-percent-fullwidth non-hundred-percent-height-scrolling\" style=\"--awb-background-blend-mode:screen;--awb-border-radius-top-left:0px;--awb-border-radius-top-right:0px;--awb-border-radius-bottom-right:0px;--awb-border-radius-bottom-left:0px;--awb-padding-top:0px;--awb-padding-right:0px;--awb-padding-bottom:0px;--awb-padding-left:0px;--awb-background-color:#c5d7c0;--awb-flex-wrap:wrap;\" ><div class=\"fusion-builder-row fusion-row fusion-flex-align-items-center fusion-flex-content-wrap\" style=\"width:104% !important;max-width:104% !important;margin-left: calc(-4% \/ 2 );margin-right: calc(-4% \/ 2 );\"><div class=\"fusion-layout-column fusion_builder_column fusion-builder-column-0 fusion_builder_column_1_3 1_3 fusion-flex-column fusion-flex-align-self-stretch fusion-animated\" style=\"--awb-overflow:hidden;--awb-bg-color:rgba(248,202,157,0.11);--awb-bg-color-hover:rgba(248,202,157,0.11);--awb-bg-size:cover;--awb-border-radius:0px 0px 120px 0px;--awb-width-large:33.333333333333%;--awb-margin-top-large:0px;--awb-spacing-right-large:5.76%;--awb-margin-bottom-large:0px;--awb-spacing-left-large:5.76%;--awb-width-medium:100%;--awb-order-medium:0;--awb-spacing-right-medium:1.92%;--awb-spacing-left-medium:1.92%;--awb-width-small:100%;--awb-order-small:0;--awb-spacing-right-small:1.92%;--awb-spacing-left-small:1.92%;\" data-animationType=\"fadeInLeft\" data-animationDuration=\"1.0\" data-animationOffset=\"top-into-view\"><div class=\"fusion-column-wrapper fusion-column-has-shadow fusion-flex-justify-content-flex-start fusion-content-layout-column\"><div class=\"fusion-image-element \" style=\"--awb-caption-title-font-family:var(--h2_typography-font-family);--awb-caption-title-font-weight:var(--h2_typography-font-weight);--awb-caption-title-font-style:var(--h2_typography-font-style);--awb-caption-title-size:var(--h2_typography-font-size);--awb-caption-title-transform:var(--h2_typography-text-transform);--awb-caption-title-line-height:var(--h2_typography-line-height);--awb-caption-title-letter-spacing:var(--h2_typography-letter-spacing);\"><span class=\" fusion-imageframe imageframe-none imageframe-1 hover-type-none\"><img decoding=\"async\" width=\"1920\" height=\"1280\" title=\"Bild_MVB_3\" src=\"https:\/\/muetterberatung-bl-bs.ch\/2\/wp-content\/uploads\/2021\/02\/Bild_MVB_3.jpg\" alt class=\"img-responsive wp-image-2660\" srcset=\"https:\/\/muetterberatung-bl-bs.ch\/2\/wp-content\/uploads\/2021\/02\/Bild_MVB_3-200x133.jpg 200w, https:\/\/muetterberatung-bl-bs.ch\/2\/wp-content\/uploads\/2021\/02\/Bild_MVB_3-400x267.jpg 400w, https:\/\/muetterberatung-bl-bs.ch\/2\/wp-content\/uploads\/2021\/02\/Bild_MVB_3-600x400.jpg 600w, https:\/\/muetterberatung-bl-bs.ch\/2\/wp-content\/uploads\/2021\/02\/Bild_MVB_3-800x533.jpg 800w, https:\/\/muetterberatung-bl-bs.ch\/2\/wp-content\/uploads\/2021\/02\/Bild_MVB_3-1200x800.jpg 1200w, https:\/\/muetterberatung-bl-bs.ch\/2\/wp-content\/uploads\/2021\/02\/Bild_MVB_3.jpg 1920w\" sizes=\"(max-width: 1024px) 100vw, (max-width: 640px) 100vw, 400px\" \/><\/span><\/div><\/div><\/div><div class=\"fusion-layout-column fusion_builder_column fusion-builder-column-1 fusion_builder_column_2_3 2_3 fusion-flex-column fusion-animated\" style=\"--awb-padding-top:4%;--awb-padding-right:4%;--awb-padding-bottom:2%;--awb-padding-left:4%;--awb-bg-size:cover;--awb-width-large:66.666666666667%;--awb-margin-top-large:20px;--awb-spacing-right-large:2.88%;--awb-margin-bottom-large:20px;--awb-spacing-left-large:2.88%;--awb-width-medium:100%;--awb-order-medium:0;--awb-spacing-right-medium:1.92%;--awb-spacing-left-medium:1.92%;--awb-width-small:100%;--awb-order-small:0;--awb-spacing-right-small:1.92%;--awb-spacing-left-small:1.92%;\" data-animationType=\"fadeInRight\" data-animationDuration=\"1.0\" data-animationOffset=\"top-into-view\"><div class=\"fusion-column-wrapper fusion-column-has-shadow fusion-flex-justify-content-flex-start fusion-content-layout-column\"><div class=\"fusion-title title fusion-title-1 fusion-sep-none fusion-title-text fusion-title-size-one\" style=\"--awb-text-color:#000000;--awb-margin-top-small:20px;--awb-margin-right-small:0px;--awb-margin-bottom-small:10px;--awb-margin-left-small:0px;\"><h1 class=\"fusion-title-heading title-heading-left fusion-responsive-typography-calculated\" style=\"margin:0;--fontSize:76;line-height:1.18;\">Informationen f\u00fcr Eltern<\/h1><\/div><\/div><\/div><\/div><\/div><div class=\"fusion-fullwidth fullwidth-box fusion-builder-row-2 fusion-flex-container nonhundred-percent-fullwidth non-hundred-percent-height-scrolling\" style=\"--awb-border-radius-top-left:0px;--awb-border-radius-top-right:0px;--awb-border-radius-bottom-right:0px;--awb-border-radius-bottom-left:0px;--awb-flex-wrap:wrap;\" ><div class=\"fusion-builder-row fusion-row fusion-flex-align-items-flex-start fusion-flex-content-wrap\" style=\"max-width:1331.2px;margin-left: calc(-4% \/ 2 );margin-right: calc(-4% \/ 2 );\"><div class=\"fusion-layout-column fusion_builder_column fusion-builder-column-2 fusion_builder_column_1_3 1_3 fusion-flex-column\" style=\"--awb-padding-right:4%;--awb-padding-left:4%;--awb-bg-color:rgba(248,202,157,0.55);--awb-bg-color-hover:rgba(248,202,157,0.55);--awb-bg-size:cover;--awb-box-shadow: 15px 14px rgba(248,202,157,0.2);;--awb-width-large:33.333333333333%;--awb-margin-top-large:20px;--awb-spacing-right-large:5.76%;--awb-margin-bottom-large:20px;--awb-spacing-left-large:5.76%;--awb-width-medium:100%;--awb-order-medium:0;--awb-spacing-right-medium:1.92%;--awb-spacing-left-medium:1.92%;--awb-width-small:100%;--awb-order-small:0;--awb-spacing-right-small:1.92%;--awb-spacing-left-small:1.92%;\"><div class=\"fusion-column-wrapper fusion-column-has-shadow fusion-flex-justify-content-flex-start fusion-content-layout-column\"><div class=\"fusion-text fusion-text-1\" style=\"--awb-text-transform:none;\"><h3>Vereine und Verb\u00e4nde<\/h3>\n<ul>\n<li><span style=\"color: var(--body_typography-color); font-family: var(--body_typography-font-family); font-size: var(--body_typography-font-size); font-style: var(--body_typography-font-style,normal); font-weight: var(--body_typography-font-weight); letter-spacing: var(--body_typography-letter-spacing);\">SRK BL: <\/span><a style=\"font-family: var(--body_typography-font-family); font-size: var(--body_typography-font-size); font-style: var(--body_typography-font-style,normal); font-weight: var(--body_typography-font-weight); letter-spacing: var(--body_typography-letter-spacing);\" href=\"https:\/\/www.srk-baselland.ch\/familienentlastung\" target=\"_blank\" rel=\"noopener noreferrer\">Entlastung<\/a><span style=\"color: var(--body_typography-color); font-family: var(--body_typography-font-family); font-size: var(--body_typography-font-size); font-style: var(--body_typography-font-style,normal); font-weight: var(--body_typography-font-weight); letter-spacing: var(--body_typography-letter-spacing);\"> und <\/span><a style=\"font-family: var(--body_typography-font-family); font-size: var(--body_typography-font-size); font-style: var(--body_typography-font-style,normal); font-weight: var(--body_typography-font-weight); letter-spacing: var(--body_typography-letter-spacing);\" href=\"https:\/\/www.srk-baselland.ch\/babysitter-kontakthilfe-rotes-kreuz-baselland\" target=\"_blank\" rel=\"noopener noreferrer\">Babysitter<\/a><\/li>\n<li>SRK BL: <a href=\"https:\/\/www.srk-baselland.ch\/schrittweise\" target=\"_blank\" rel=\"noopener noreferrer\">Schritt:weise<\/a><\/li>\n<li><a href=\"https:\/\/www.srk-baselland.ch\/mitten-unter-uns\" target=\"_blank\" rel=\"noopener noreferrer\">SRK BL: Mitten unter Uns<\/a><\/li>\n<li><a href=\"https:\/\/www.profamilia.ch\/familien\/familienratgeber\">Pro Familia<\/a><\/li>\n<li><a href=\"https:\/\/eins-vo-fuenf.ch\/index.php\">eins vo f\u00fcnf (eins-vo-fuenf.ch)<\/a><\/li>\n<li><a href=\"https:\/\/www.kinderseele.ch\/angebote\/kurzfilme\/kurzfilme-familie\/\">Institut Kinderseele Schweiz<\/a><\/li>\n<li><a href=\"https:\/\/elternhilfe.ch\/\">Elternhilfe beider Basel<\/a><\/li>\n<li><a href=\"https:\/\/muetterberatung-bl-bs.ch\/2\/wp-content\/uploads\/2021\/04\/Verein-Lichen-Sclerosus.pdf\">Verein Lichen Sclerosus<\/a><\/li>\n<li><a href=\"https:\/\/www.hiki.ch\/home\">Verein hiki (Hirnverletzte Kinder)<\/a><\/li>\n<li><a href=\"https:\/\/verein-regenbogen.ch\/\">Verein Regenbogen<\/a><\/li>\n<li><a href=\"https:\/\/verein-aurora.ch\/\">Verein Aurora<\/a><\/li>\n<li><a href=\"https:\/\/schwangerschaft-ohne-alkohol.ch\/\">Auf der sicheren Seite: Schwangerschaft ohne Alkohol<\/a><\/li>\n<\/ul>\n<\/div><\/div><\/div><div class=\"fusion-layout-column fusion_builder_column fusion-builder-column-3 fusion_builder_column_1_3 1_3 fusion-flex-column\" style=\"--awb-padding-right:4%;--awb-padding-left:4%;--awb-bg-color:rgba(240,197,213,0.55);--awb-bg-color-hover:rgba(240,197,213,0.55);--awb-bg-size:cover;--awb-box-shadow: 15px 15px rgba(240,197,213,0.16);;--awb-width-large:33.333333333333%;--awb-margin-top-large:20px;--awb-spacing-right-large:5.76%;--awb-margin-bottom-large:20px;--awb-spacing-left-large:5.76%;--awb-width-medium:100%;--awb-order-medium:0;--awb-spacing-right-medium:1.92%;--awb-spacing-left-medium:1.92%;--awb-width-small:100%;--awb-order-small:0;--awb-spacing-right-small:1.92%;--awb-spacing-left-small:1.92%;\"><div class=\"fusion-column-wrapper fusion-column-has-shadow fusion-flex-justify-content-flex-start fusion-content-layout-column\"><div class=\"fusion-text fusion-text-2\" style=\"--awb-text-transform:none;\"><h3 class=\"fusion-responsive-typography-calculated\" style=\"--fontsize: 40; line-height: 1.3;\" data-fontsize=\"40\" data-lineheight=\"52px\">Tipps<\/h3>\n<ul>\n<li><a href=\"https:\/\/muetterberatung-bl-bs.ch\/2\/wp-content\/uploads\/2021\/04\/24-Stunden-Protokoll.pdf\">24 Stunden Protokoll<\/a><\/li>\n<li><a href=\"https:\/\/kinder-4.ch\/de\/filmfinder\">Lerngelegenheiten f\u00fcr Kinder bis 4<\/a><\/li>\n<li><a href=\"https:\/\/www.stillfoerderung.ch\/logicio\/pmws\/stillen__stillen_4__de.html\">Stillf\u00f6rderung Schweiz &#8211; Stillen unterwegs (stillfoerderung.ch)<\/a><\/li>\n<li><a href=\"https:\/\/www.parentu.ch\/\" target=\"_blank\" rel=\"noopener noreferrer\">Parentu<\/a> &#8211; Die App f\u00fcr Informierte Eltern<\/li>\n<li><a href=\"https:\/\/www.buchstart.ch\/de\" target=\"_blank\" rel=\"noopener noreferrer\">Buchstart<\/a><\/li>\n<li><a href=\"https:\/\/www.kinderseele.ch\/angebote\/kurzfilme\/kurzfilme-familie\/\">Postpartale Depression<\/a><\/li>\n<\/ul>\n<\/div><div class=\"awb-gallery-wrapper awb-gallery-wrapper-1 button-span-no\"><div style=\"margin:-5px;--awb-bordersize:0px;--awb-columns-medium:33.3333%;--awb-columns-small:33.3333%;\" class=\"fusion-gallery fusion-gallery-container fusion-grid-3 fusion-columns-total-2 fusion-gallery-layout-grid fusion-gallery-1\"><div style=\"padding:5px;\" class=\"fusion-grid-column fusion-gallery-column fusion-gallery-column-3 hover-type-none\"><div class=\"fusion-gallery-image\"><a href=\"https:\/\/www.parentu.ch\/\" rel=\"noreferrer\" data-rel=\"iLightbox[gallery_image_1]\" class=\"fusion-lightbox\" target=\"_self\"><img decoding=\"async\" src=\"https:\/\/muetterberatung-bl-bs.ch\/2\/wp-content\/uploads\/2021\/12\/Parentu_1.jpg\" width=\"652\" height=\"247\" alt=\"\" title=\"Parentu_1\" aria-label=\"Parentu_1\" class=\"img-responsive wp-image-3467\" srcset=\"https:\/\/muetterberatung-bl-bs.ch\/2\/wp-content\/uploads\/2021\/12\/Parentu_1-200x76.jpg 200w, https:\/\/muetterberatung-bl-bs.ch\/2\/wp-content\/uploads\/2021\/12\/Parentu_1-400x152.jpg 400w, https:\/\/muetterberatung-bl-bs.ch\/2\/wp-content\/uploads\/2021\/12\/Parentu_1-600x227.jpg 600w, https:\/\/muetterberatung-bl-bs.ch\/2\/wp-content\/uploads\/2021\/12\/Parentu_1.jpg 652w\" sizes=\"(min-width: 2200px) 100vw, (min-width: 784px) 423px, (min-width: 712px) 635px, (min-width: 640px) 712px, \" \/><\/a><\/div><\/div><div style=\"padding:5px;\" class=\"fusion-grid-column fusion-gallery-column fusion-gallery-column-3 hover-type-none\"><div class=\"fusion-gallery-image\"><a href=\"https:\/\/www.buchstart.ch\/de\" rel=\"noreferrer\" data-rel=\"iLightbox[gallery_image_1]\" class=\"fusion-lightbox\" target=\"_self\"><img decoding=\"async\" src=\"https:\/\/muetterberatung-bl-bs.ch\/2\/wp-content\/uploads\/2021\/12\/Buchstart.png\" width=\"300\" height=\"168\" alt=\"\" title=\"Buchstart\" aria-label=\"Buchstart\" class=\"img-responsive wp-image-3466\" srcset=\"https:\/\/muetterberatung-bl-bs.ch\/2\/wp-content\/uploads\/2021\/12\/Buchstart-200x112.png 200w, https:\/\/muetterberatung-bl-bs.ch\/2\/wp-content\/uploads\/2021\/12\/Buchstart.png 300w\" sizes=\"(min-width: 2200px) 100vw, (min-width: 784px) 423px, (min-width: 712px) 635px, (min-width: 640px) 712px, \" \/><\/a><\/div><\/div><\/div><\/div><\/div><\/div><\/div><\/div><div class=\"fusion-fullwidth fullwidth-box fusion-builder-row-3 fusion-flex-container nonhundred-percent-fullwidth non-hundred-percent-height-scrolling\" style=\"--awb-border-radius-top-left:0px;--awb-border-radius-top-right:0px;--awb-border-radius-bottom-right:0px;--awb-border-radius-bottom-left:0px;--awb-flex-wrap:wrap;\" ><div class=\"fusion-builder-row fusion-row fusion-flex-align-items-flex-start fusion-flex-content-wrap\" style=\"max-width:1331.2px;margin-left: calc(-4% \/ 2 );margin-right: calc(-4% \/ 2 );\"><\/div><\/div><\/p>\n","protected":false},"excerpt":{"rendered":"","protected":false},"author":1,"featured_media":0,"parent":2231,"menu_order":0,"comment_status":"closed","ping_status":"closed","template":"100-width.php","meta":{"_monsterinsights_skip_tracking":false,"_monsterinsights_sitenote_active":false,"_monsterinsights_sitenote_note":"","_monsterinsights_sitenote_category":0,"footnotes":""},"class_list":["post-2319","page","type-page","status-publish","hentry"],"yoast_head":"<!-- This site is optimized with the Yoast SEO plugin v27.2 - https:\/\/yoast.com\/product\/yoast-seo-wordpress\/ -->\n<title>Informationen f\u00fcr Eltern &#8211; M\u00fctter- und V\u00e4terberatung BL<\/title>\n<meta name=\"robots\" content=\"index, follow, max-snippet:-1, max-image-preview:large, max-video-preview:-1\" \/>\n<link rel=\"canonical\" href=\"https:\/\/muetterberatung-bl-bs.ch\/2\/fuer-eltern\/informationen-fuer-eltern\/\" \/>\n<meta property=\"og:locale\" content=\"de_DE\" \/>\n<meta property=\"og:type\" content=\"article\" \/>\n<meta property=\"og:title\" content=\"Informationen f\u00fcr Eltern &#8211; M\u00fctter- und V\u00e4terberatung BL\" \/>\n<meta property=\"og:url\" content=\"https:\/\/muetterberatung-bl-bs.ch\/2\/fuer-eltern\/informationen-fuer-eltern\/\" \/>\n<meta property=\"og:site_name\" content=\"M\u00fctter- und V\u00e4terberatung BL\" \/>\n<meta property=\"article:modified_time\" content=\"2022-01-31T09:48:59+00:00\" \/>\n<meta name=\"twitter:card\" content=\"summary_large_image\" \/>\n<meta name=\"twitter:label1\" content=\"Gesch\u00e4tzte Lesezeit\" \/>\n\t<meta name=\"twitter:data1\" content=\"6\u00a0Minuten\" \/>\n<script type=\"application\/ld+json\" class=\"yoast-schema-graph\">{\"@context\":\"https:\/\/schema.org\",\"@graph\":[{\"@type\":\"WebPage\",\"@id\":\"https:\/\/muetterberatung-bl-bs.ch\/2\/fuer-eltern\/informationen-fuer-eltern\/\",\"url\":\"https:\/\/muetterberatung-bl-bs.ch\/2\/fuer-eltern\/informationen-fuer-eltern\/\",\"name\":\"Informationen f\u00fcr Eltern &#8211; M\u00fctter- und V\u00e4terberatung BL\",\"isPartOf\":{\"@id\":\"https:\/\/muetterberatung-bl-bs.ch\/2\/#website\"},\"datePublished\":\"2021-01-25T10:28:55+00:00\",\"dateModified\":\"2022-01-31T09:48:59+00:00\",\"breadcrumb\":{\"@id\":\"https:\/\/muetterberatung-bl-bs.ch\/2\/fuer-eltern\/informationen-fuer-eltern\/#breadcrumb\"},\"inLanguage\":\"de\",\"potentialAction\":[{\"@type\":\"ReadAction\",\"target\":[\"https:\/\/muetterberatung-bl-bs.ch\/2\/fuer-eltern\/informationen-fuer-eltern\/\"]}]},{\"@type\":\"BreadcrumbList\",\"@id\":\"https:\/\/muetterberatung-bl-bs.ch\/2\/fuer-eltern\/informationen-fuer-eltern\/#breadcrumb\",\"itemListElement\":[{\"@type\":\"ListItem\",\"position\":1,\"name\":\"Startseite\",\"item\":\"https:\/\/muetterberatung-bl-bs.ch\/2\/\"},{\"@type\":\"ListItem\",\"position\":2,\"name\":\"F\u00fcr Eltern\",\"item\":\"https:\/\/muetterberatung-bl-bs.ch\/2\/fuer-eltern\/\"},{\"@type\":\"ListItem\",\"position\":3,\"name\":\"Informationen f\u00fcr Eltern\"}]},{\"@type\":\"WebSite\",\"@id\":\"https:\/\/muetterberatung-bl-bs.ch\/2\/#website\",\"url\":\"https:\/\/muetterberatung-bl-bs.ch\/2\/\",\"name\":\"M\u00fctter- und V\u00e4terberatung BL\",\"description\":\"\",\"publisher\":{\"@id\":\"https:\/\/muetterberatung-bl-bs.ch\/2\/#organization\"},\"potentialAction\":[{\"@type\":\"SearchAction\",\"target\":{\"@type\":\"EntryPoint\",\"urlTemplate\":\"https:\/\/muetterberatung-bl-bs.ch\/2\/?s={search_term_string}\"},\"query-input\":{\"@type\":\"PropertyValueSpecification\",\"valueRequired\":true,\"valueName\":\"search_term_string\"}}],\"inLanguage\":\"de\"},{\"@type\":\"Organization\",\"@id\":\"https:\/\/muetterberatung-bl-bs.ch\/2\/#organization\",\"name\":\"M\u00fctter- und V\u00e4terberatung BL\",\"url\":\"https:\/\/muetterberatung-bl-bs.ch\/2\/\",\"logo\":{\"@type\":\"ImageObject\",\"inLanguage\":\"de\",\"@id\":\"https:\/\/muetterberatung-bl-bs.ch\/2\/#\/schema\/logo\/image\/\",\"url\":\"https:\/\/muetterberatung-bl-bs.ch\/2\/wp-content\/uploads\/2020\/11\/MV_Beratung_Logo_rgb.svg\",\"contentUrl\":\"https:\/\/muetterberatung-bl-bs.ch\/2\/wp-content\/uploads\/2020\/11\/MV_Beratung_Logo_rgb.svg\",\"width\":191,\"height\":65,\"caption\":\"M\u00fctter- und V\u00e4terberatung BL\"},\"image\":{\"@id\":\"https:\/\/muetterberatung-bl-bs.ch\/2\/#\/schema\/logo\/image\/\"}}]}<\/script>\n<!-- \/ Yoast SEO plugin. -->","yoast_head_json":{"title":"Informationen f\u00fcr Eltern &#8211; M\u00fctter- und V\u00e4terberatung BL","robots":{"index":"index","follow":"follow","max-snippet":"max-snippet:-1","max-image-preview":"max-image-preview:large","max-video-preview":"max-video-preview:-1"},"canonical":"https:\/\/muetterberatung-bl-bs.ch\/2\/fuer-eltern\/informationen-fuer-eltern\/","og_locale":"de_DE","og_type":"article","og_title":"Informationen f\u00fcr Eltern &#8211; M\u00fctter- und V\u00e4terberatung BL","og_url":"https:\/\/muetterberatung-bl-bs.ch\/2\/fuer-eltern\/informationen-fuer-eltern\/","og_site_name":"M\u00fctter- und V\u00e4terberatung BL","article_modified_time":"2022-01-31T09:48:59+00:00","twitter_card":"summary_large_image","twitter_misc":{"Gesch\u00e4tzte Lesezeit":"6\u00a0Minuten"},"schema":{"@context":"https:\/\/schema.org","@graph":[{"@type":"WebPage","@id":"https:\/\/muetterberatung-bl-bs.ch\/2\/fuer-eltern\/informationen-fuer-eltern\/","url":"https:\/\/muetterberatung-bl-bs.ch\/2\/fuer-eltern\/informationen-fuer-eltern\/","name":"Informationen f\u00fcr Eltern &#8211; M\u00fctter- und V\u00e4terberatung BL","isPartOf":{"@id":"https:\/\/muetterberatung-bl-bs.ch\/2\/#website"},"datePublished":"2021-01-25T10:28:55+00:00","dateModified":"2022-01-31T09:48:59+00:00","breadcrumb":{"@id":"https:\/\/muetterberatung-bl-bs.ch\/2\/fuer-eltern\/informationen-fuer-eltern\/#breadcrumb"},"inLanguage":"de","potentialAction":[{"@type":"ReadAction","target":["https:\/\/muetterberatung-bl-bs.ch\/2\/fuer-eltern\/informationen-fuer-eltern\/"]}]},{"@type":"BreadcrumbList","@id":"https:\/\/muetterberatung-bl-bs.ch\/2\/fuer-eltern\/informationen-fuer-eltern\/#breadcrumb","itemListElement":[{"@type":"ListItem","position":1,"name":"Startseite","item":"https:\/\/muetterberatung-bl-bs.ch\/2\/"},{"@type":"ListItem","position":2,"name":"F\u00fcr Eltern","item":"https:\/\/muetterberatung-bl-bs.ch\/2\/fuer-eltern\/"},{"@type":"ListItem","position":3,"name":"Informationen f\u00fcr Eltern"}]},{"@type":"WebSite","@id":"https:\/\/muetterberatung-bl-bs.ch\/2\/#website","url":"https:\/\/muetterberatung-bl-bs.ch\/2\/","name":"M\u00fctter- und V\u00e4terberatung BL","description":"","publisher":{"@id":"https:\/\/muetterberatung-bl-bs.ch\/2\/#organization"},"potentialAction":[{"@type":"SearchAction","target":{"@type":"EntryPoint","urlTemplate":"https:\/\/muetterberatung-bl-bs.ch\/2\/?s={search_term_string}"},"query-input":{"@type":"PropertyValueSpecification","valueRequired":true,"valueName":"search_term_string"}}],"inLanguage":"de"},{"@type":"Organization","@id":"https:\/\/muetterberatung-bl-bs.ch\/2\/#organization","name":"M\u00fctter- und V\u00e4terberatung BL","url":"https:\/\/muetterberatung-bl-bs.ch\/2\/","logo":{"@type":"ImageObject","inLanguage":"de","@id":"https:\/\/muetterberatung-bl-bs.ch\/2\/#\/schema\/logo\/image\/","url":"https:\/\/muetterberatung-bl-bs.ch\/2\/wp-content\/uploads\/2020\/11\/MV_Beratung_Logo_rgb.svg","contentUrl":"https:\/\/muetterberatung-bl-bs.ch\/2\/wp-content\/uploads\/2020\/11\/MV_Beratung_Logo_rgb.svg","width":191,"height":65,"caption":"M\u00fctter- und V\u00e4terberatung BL"},"image":{"@id":"https:\/\/muetterberatung-bl-bs.ch\/2\/#\/schema\/logo\/image\/"}}]}},"_links":{"self":[{"href":"https:\/\/muetterberatung-bl-bs.ch\/2\/wp-json\/wp\/v2\/pages\/2319","targetHints":{"allow":["GET"]}}],"collection":[{"href":"https:\/\/muetterberatung-bl-bs.ch\/2\/wp-json\/wp\/v2\/pages"}],"about":[{"href":"https:\/\/muetterberatung-bl-bs.ch\/2\/wp-json\/wp\/v2\/types\/page"}],"author":[{"embeddable":true,"href":"https:\/\/muetterberatung-bl-bs.ch\/2\/wp-json\/wp\/v2\/users\/1"}],"replies":[{"embeddable":true,"href":"https:\/\/muetterberatung-bl-bs.ch\/2\/wp-json\/wp\/v2\/comments?post=2319"}],"version-history":[{"count":0,"href":"https:\/\/muetterberatung-bl-bs.ch\/2\/wp-json\/wp\/v2\/pages\/2319\/revisions"}],"up":[{"embeddable":true,"href":"https:\/\/muetterberatung-bl-bs.ch\/2\/wp-json\/wp\/v2\/pages\/2231"}],"wp:attachment":[{"href":"https:\/\/muetterberatung-bl-bs.ch\/2\/wp-json\/wp\/v2\/media?parent=2319"}],"curies":[{"name":"wp","href":"https:\/\/api.w.org\/{rel}","templated":true}]}}