{"id":2334,"date":"2021-01-25T11:53:25","date_gmt":"2021-01-25T10:53:25","guid":{"rendered":"https:\/\/muetterberatung-bl-bs.ch\/2\/?page_id=2334"},"modified":"2024-06-12T09:10:24","modified_gmt":"2024-06-12T07:10:24","slug":"fachpersonen","status":"publish","type":"page","link":"https:\/\/muetterberatung-bl-bs.ch\/2\/fachpersonen\/","title":{"rendered":"Fachpersonen"},"content":{"rendered":"<p><div class=\"fusion-fullwidth fullwidth-box fusion-builder-row-1 fusion-flex-container hundred-percent-fullwidth non-hundred-percent-height-scrolling\" style=\"--awb-background-blend-mode:screen;--awb-border-radius-top-left:0px;--awb-border-radius-top-right:0px;--awb-border-radius-bottom-right:0px;--awb-border-radius-bottom-left:0px;--awb-padding-top:0px;--awb-padding-right:0px;--awb-padding-bottom:0px;--awb-padding-left:0px;--awb-background-color:#f8ca9d;--awb-flex-wrap:wrap;\" ><div class=\"fusion-builder-row fusion-row fusion-flex-align-items-center fusion-flex-content-wrap\" style=\"width:104% !important;max-width:104% !important;margin-left: calc(-4% \/ 2 );margin-right: calc(-4% \/ 2 );\"><div class=\"fusion-layout-column fusion_builder_column fusion-builder-column-0 fusion_builder_column_1_3 1_3 fusion-flex-column fusion-flex-align-self-stretch fusion-animated\" style=\"--awb-overflow:hidden;--awb-bg-size:cover;--awb-border-radius:0px 0px 120px 0px;--awb-width-large:33.333333333333%;--awb-margin-top-large:0px;--awb-spacing-right-large:5.76%;--awb-margin-bottom-large:0px;--awb-spacing-left-large:5.76%;--awb-width-medium:100%;--awb-order-medium:0;--awb-spacing-right-medium:1.92%;--awb-spacing-left-medium:1.92%;--awb-width-small:100%;--awb-order-small:0;--awb-spacing-right-small:1.92%;--awb-spacing-left-small:1.92%;\" data-animationType=\"fadeInLeft\" data-animationDuration=\"1.0\" data-animationOffset=\"top-into-view\"><div class=\"fusion-column-wrapper fusion-column-has-shadow fusion-flex-justify-content-flex-start fusion-content-layout-column\"><div class=\"fusion-image-element \" style=\"--awb-caption-title-font-family:var(--h2_typography-font-family);--awb-caption-title-font-weight:var(--h2_typography-font-weight);--awb-caption-title-font-style:var(--h2_typography-font-style);--awb-caption-title-size:var(--h2_typography-font-size);--awb-caption-title-transform:var(--h2_typography-text-transform);--awb-caption-title-line-height:var(--h2_typography-line-height);--awb-caption-title-letter-spacing:var(--h2_typography-letter-spacing);\"><span class=\" fusion-imageframe imageframe-none imageframe-1 hover-type-none\"><img decoding=\"async\" width=\"1920\" height=\"1282\" title=\"Bild_MVB_11\" src=\"https:\/\/muetterberatung-bl-bs.ch\/2\/wp-content\/uploads\/2021\/02\/Bild_MVB_11.jpg\" alt class=\"img-responsive wp-image-2687\" srcset=\"https:\/\/muetterberatung-bl-bs.ch\/2\/wp-content\/uploads\/2021\/02\/Bild_MVB_11-200x134.jpg 200w, https:\/\/muetterberatung-bl-bs.ch\/2\/wp-content\/uploads\/2021\/02\/Bild_MVB_11-400x267.jpg 400w, https:\/\/muetterberatung-bl-bs.ch\/2\/wp-content\/uploads\/2021\/02\/Bild_MVB_11-600x401.jpg 600w, https:\/\/muetterberatung-bl-bs.ch\/2\/wp-content\/uploads\/2021\/02\/Bild_MVB_11-800x534.jpg 800w, https:\/\/muetterberatung-bl-bs.ch\/2\/wp-content\/uploads\/2021\/02\/Bild_MVB_11-1200x801.jpg 1200w, https:\/\/muetterberatung-bl-bs.ch\/2\/wp-content\/uploads\/2021\/02\/Bild_MVB_11.jpg 1920w\" sizes=\"(max-width: 1024px) 100vw, (max-width: 640px) 100vw, 400px\" \/><\/span><\/div><\/div><\/div><div class=\"fusion-layout-column fusion_builder_column fusion-builder-column-1 fusion_builder_column_2_3 2_3 fusion-flex-column fusion-animated\" style=\"--awb-padding-top:4%;--awb-padding-right:4%;--awb-padding-bottom:2%;--awb-padding-left:4%;--awb-bg-size:cover;--awb-width-large:66.666666666667%;--awb-margin-top-large:20px;--awb-spacing-right-large:2.88%;--awb-margin-bottom-large:20px;--awb-spacing-left-large:2.88%;--awb-width-medium:100%;--awb-order-medium:0;--awb-spacing-right-medium:1.92%;--awb-spacing-left-medium:1.92%;--awb-width-small:100%;--awb-order-small:0;--awb-spacing-right-small:1.92%;--awb-spacing-left-small:1.92%;\" data-animationType=\"fadeInRight\" data-animationDuration=\"1.0\" data-animationOffset=\"top-into-view\"><div class=\"fusion-column-wrapper fusion-column-has-shadow fusion-flex-justify-content-flex-start fusion-content-layout-column\"><div class=\"fusion-title title fusion-title-1 fusion-sep-none fusion-title-text fusion-title-size-one\" style=\"--awb-text-color:#000000;--awb-margin-top-small:20px;--awb-margin-right-small:0px;--awb-margin-bottom-small:10px;--awb-margin-left-small:0px;\"><h1 class=\"fusion-title-heading title-heading-left fusion-responsive-typography-calculated\" style=\"margin:0;--fontSize:76;line-height:1.18;\">Fachpersonen<\/h1><\/div><\/div><\/div><\/div><\/div><div class=\"fusion-fullwidth fullwidth-box fusion-builder-row-2 fusion-flex-container nonhundred-percent-fullwidth non-hundred-percent-height-scrolling\" style=\"--awb-border-radius-top-left:0px;--awb-border-radius-top-right:0px;--awb-border-radius-bottom-right:0px;--awb-border-radius-bottom-left:0px;--awb-padding-top:0px;--awb-margin-top:0px;--awb-flex-wrap:wrap;\" ><div class=\"fusion-builder-row fusion-row fusion-flex-align-items-flex-start fusion-flex-content-wrap\" style=\"max-width:1331.2px;margin-left: calc(-4% \/ 2 );margin-right: calc(-4% \/ 2 );\"><div class=\"fusion-layout-column fusion_builder_column fusion-builder-column-2 fusion_builder_column_1_1 1_1 fusion-flex-column\" style=\"--awb-bg-size:cover;--awb-width-large:100%;--awb-margin-top-large:20px;--awb-spacing-right-large:1.92%;--awb-margin-bottom-large:20px;--awb-spacing-left-large:1.92%;--awb-width-medium:100%;--awb-order-medium:0;--awb-spacing-right-medium:1.92%;--awb-spacing-left-medium:1.92%;--awb-width-small:100%;--awb-order-small:0;--awb-spacing-right-small:1.92%;--awb-spacing-left-small:1.92%;\"><div class=\"fusion-column-wrapper fusion-column-has-shadow fusion-flex-justify-content-flex-start fusion-content-layout-column\"><div class=\"fusion-text fusion-text-1\" style=\"--awb-text-transform:none;\"><p>Wir freuen uns auf eine gute Zusammenarbeit mit unseren Schnittstellenpartner.<br \/>\nBei Administrativen Fragen, wenden Sie sich bitte an die <a href=\"https:\/\/muetterberatung-bl-bs.ch\/2\/kontakt\/\">Koordinationsstelle MVB Baselland<\/a>.<br \/>\nBei Unklarheiten von \u00dcbergaben in den Gemeinden, wenden Sie sich bitte direkt an die <a href=\"https:\/\/muetterberatung-bl-bs.ch\/2\/beratungsstellen\/\">zust\u00e4ndige Beraterin<\/a>.<\/p>\n<hr \/>\n<h3 class=\"fusion-responsive-typography-calculated\" style=\"--fontsize: 40; line-height: 1.3;\" data-fontsize=\"40\" data-lineheight=\"52px\">Einverst\u00e4ndniserkl\u00e4rung \u00dcbergabe f\u00fcr Eltern<\/h3>\n<p class=\"fusion-responsive-typography-calculated\" style=\"--fontsize: 40; line-height: 1.3;\" data-fontsize=\"40\" data-lineheight=\"52px\"><a href=\"https:\/\/muetterberatung-bl-bs.ch\/2\/wp-content\/uploads\/2021\/06\/Einverstaendniserklaerung-fuer-Eltern.pdf\">Einverst\u00e4ndniserkl\u00e4rung f\u00fcr Eltern<\/a><\/p>\n<hr \/>\n<h3 class=\"fusion-responsive-typography-calculated\" style=\"--fontsize: 40; line-height: 1.3;\" data-fontsize=\"40\" data-lineheight=\"52px\">Bestellformulare Flyer<\/h3>\n<p>Gesundheitsf\u00f6rderung Baselland &gt; <a href=\"https:\/\/muetterberatung-bl-bs.ch\/2\/bestellformular-mvb-bl-an-gesundheitsfoerderung-bl\/\">Bestellformular Brosch\u00fcren MVB<\/a><\/p>\n<hr \/>\n<h3 class=\"fusion-responsive-typography-calculated\" style=\"--fontsize: 40; line-height: 1.3;\" data-fontsize=\"40\" data-lineheight=\"52px\">Entbindung Schweigepflicht f\u00fcr die \u00dcbergabe<\/h3>\n<p><a href=\"https:\/\/muetterberatung-bl-bs.ch\/2\/wp-content\/uploads\/2021\/01\/Entbindung-Schweigepflicht-U\u0308bergabe-1.pdf\" target=\"_blank\" rel=\"noopener\">Formular Entbindung<\/a><br \/>\n<a href=\"https:\/\/muetterberatung-bl-bs.ch\/2\/wp-content\/uploads\/2021\/01\/Entbindung-Schweigepflicht-U\u0308bergabe-1.pdf\" target=\"_blank\" rel=\"noopener\">Schweigepflicht<\/a><\/p>\n<hr \/>\n<\/div><\/div><\/div><\/div><\/div><div class=\"fusion-fullwidth fullwidth-box fusion-builder-row-3 fusion-flex-container nonhundred-percent-fullwidth non-hundred-percent-height-scrolling\" style=\"--awb-border-radius-top-left:0px;--awb-border-radius-top-right:0px;--awb-border-radius-bottom-right:0px;--awb-border-radius-bottom-left:0px;--awb-flex-wrap:wrap;\" ><div class=\"fusion-builder-row fusion-row fusion-flex-align-items-stretch fusion-flex-content-wrap\" style=\"max-width:1331.2px;margin-left: calc(-4% \/ 2 );margin-right: calc(-4% \/ 2 );\"><div class=\"fusion-layout-column fusion_builder_column fusion-builder-column-3 fusion_builder_column_1_3 1_3 fusion-flex-column fusion-column-inner-bg-wrapper\" style=\"--awb-padding-right:4%;--awb-padding-left:4%;--awb-inner-bg-color:#c5d7c0;--awb-inner-bg-color-hover:#c5d7c0;--awb-inner-bg-size:cover;--awb-box-shadow: 15px 15px rgba(197,215,192,0.3);;--awb-width-large:33.333333333333%;--awb-margin-top-large:20px;--awb-spacing-right-large:5.76%;--awb-margin-bottom-large:20px;--awb-spacing-left-large:5.76%;--awb-width-medium:100%;--awb-order-medium:0;--awb-spacing-right-medium:1.92%;--awb-spacing-left-medium:1.92%;--awb-width-small:100%;--awb-order-small:0;--awb-spacing-right-small:1.92%;--awb-spacing-left-small:1.92%;\"><span class=\"fusion-column-inner-bg hover-type-none\"><a class=\"fusion-column-anchor\" href=\"https:\/\/muetterberatung-bl-bs.ch\/2\/uebergabeformular-fuer-spitaeler-und-nachbetreuende-hebammen-und-pflegende\/\"><span class=\"fusion-column-inner-bg-image\"><\/span><\/a><\/span><div class=\"fusion-column-wrapper fusion-column-has-shadow fusion-flex-justify-content-flex-start fusion-content-layout-block\"><div class=\"fusion-text fusion-text-2\"><h3>\u00dcbergabeformular<\/h3>\n<\/div><\/div><\/div><div class=\"fusion-layout-column fusion_builder_column fusion-builder-column-4 fusion_builder_column_1_3 1_3 fusion-flex-column fusion-column-inner-bg-wrapper\" style=\"--awb-padding-right:4%;--awb-padding-left:4%;--awb-inner-bg-color:#f2cf59;--awb-inner-bg-color-hover:#f2cf59;--awb-inner-bg-size:cover;--awb-box-shadow: 15px 15px rgba(242,207,89,0.3);;--awb-width-large:33.333333333333%;--awb-margin-top-large:20px;--awb-spacing-right-large:5.76%;--awb-margin-bottom-large:20px;--awb-spacing-left-large:5.76%;--awb-width-medium:100%;--awb-order-medium:0;--awb-spacing-right-medium:1.92%;--awb-spacing-left-medium:1.92%;--awb-width-small:100%;--awb-order-small:0;--awb-spacing-right-small:1.92%;--awb-spacing-left-small:1.92%;\"><span class=\"fusion-column-inner-bg hover-type-none\"><a class=\"fusion-column-anchor\" href=\"https:\/\/muetterberatung-bl-bs.ch\/2\/bestellformular-mvb-bl-an-gesundheitsfoerderung-bl\/\"><span class=\"fusion-column-inner-bg-image\"><\/span><\/a><\/span><div class=\"fusion-column-wrapper fusion-column-has-shadow fusion-flex-justify-content-flex-start fusion-content-layout-block\"><div class=\"fusion-text fusion-text-3\"><h3>Bestellformulare Flyer<\/h3>\n<\/div><\/div><\/div><div class=\"fusion-layout-column fusion_builder_column fusion-builder-column-5 fusion_builder_column_1_3 1_3 fusion-flex-column fusion-column-inner-bg-wrapper\" style=\"--awb-padding-right:4%;--awb-padding-left:4%;--awb-inner-bg-color:#f0c5d5;--awb-inner-bg-color-hover:#f0c5d5;--awb-inner-bg-size:cover;--awb-box-shadow: 15px 15px rgba(240,197,213,0.3);;--awb-width-large:33.333333333333%;--awb-margin-top-large:20px;--awb-spacing-right-large:5.76%;--awb-margin-bottom-large:20px;--awb-spacing-left-large:5.76%;--awb-width-medium:100%;--awb-order-medium:0;--awb-spacing-right-medium:1.92%;--awb-spacing-left-medium:1.92%;--awb-width-small:100%;--awb-order-small:0;--awb-spacing-right-small:1.92%;--awb-spacing-left-small:1.92%;\"><span class=\"fusion-column-inner-bg hover-type-none\"><a class=\"fusion-column-anchor\" href=\"https:\/\/muetterberatung-bl-bs.ch\/2\/fachpersonen\/leitfaden-muetterberatung\/\"><span class=\"fusion-column-inner-bg-image\"><\/span><\/a><\/span><div class=\"fusion-column-wrapper fusion-column-has-shadow fusion-flex-justify-content-flex-start fusion-content-layout-block\"><div class=\"fusion-text fusion-text-4\"><h3>Leitfaden M\u00fctterberatung<\/h3>\n<\/div><\/div><\/div><\/div><\/div><\/p>\n","protected":false},"excerpt":{"rendered":"","protected":false},"author":1,"featured_media":0,"parent":0,"menu_order":0,"comment_status":"closed","ping_status":"closed","template":"100-width.php","meta":{"_monsterinsights_skip_tracking":false,"_monsterinsights_sitenote_active":false,"_monsterinsights_sitenote_note":"","_monsterinsights_sitenote_category":0,"footnotes":""},"class_list":["post-2334","page","type-page","status-publish","hentry"],"yoast_head":"<!-- This site is optimized with the Yoast SEO plugin v27.2 - https:\/\/yoast.com\/product\/yoast-seo-wordpress\/ -->\n<title>Fachpersonen &#8211; M\u00fctter- und V\u00e4terberatung BL<\/title>\n<meta name=\"robots\" content=\"index, follow, max-snippet:-1, max-image-preview:large, max-video-preview:-1\" \/>\n<link rel=\"canonical\" href=\"https:\/\/muetterberatung-bl-bs.ch\/2\/fachpersonen\/\" \/>\n<meta property=\"og:locale\" content=\"de_DE\" \/>\n<meta property=\"og:type\" content=\"article\" \/>\n<meta property=\"og:title\" content=\"Fachpersonen &#8211; M\u00fctter- und V\u00e4terberatung BL\" \/>\n<meta property=\"og:url\" content=\"https:\/\/muetterberatung-bl-bs.ch\/2\/fachpersonen\/\" \/>\n<meta property=\"og:site_name\" content=\"M\u00fctter- und V\u00e4terberatung BL\" \/>\n<meta property=\"article:modified_time\" content=\"2024-06-12T07:10:24+00:00\" \/>\n<meta name=\"twitter:card\" content=\"summary_large_image\" \/>\n<meta name=\"twitter:label1\" content=\"Gesch\u00e4tzte Lesezeit\" \/>\n\t<meta name=\"twitter:data1\" content=\"1\u00a0Minute\" \/>\n<script type=\"application\/ld+json\" class=\"yoast-schema-graph\">{\"@context\":\"https:\/\/schema.org\",\"@graph\":[{\"@type\":\"WebPage\",\"@id\":\"https:\/\/muetterberatung-bl-bs.ch\/2\/fachpersonen\/\",\"url\":\"https:\/\/muetterberatung-bl-bs.ch\/2\/fachpersonen\/\",\"name\":\"Fachpersonen &#8211; M\u00fctter- und V\u00e4terberatung BL\",\"isPartOf\":{\"@id\":\"https:\/\/muetterberatung-bl-bs.ch\/2\/#website\"},\"datePublished\":\"2021-01-25T10:53:25+00:00\",\"dateModified\":\"2024-06-12T07:10:24+00:00\",\"breadcrumb\":{\"@id\":\"https:\/\/muetterberatung-bl-bs.ch\/2\/fachpersonen\/#breadcrumb\"},\"inLanguage\":\"de\",\"potentialAction\":[{\"@type\":\"ReadAction\",\"target\":[\"https:\/\/muetterberatung-bl-bs.ch\/2\/fachpersonen\/\"]}]},{\"@type\":\"BreadcrumbList\",\"@id\":\"https:\/\/muetterberatung-bl-bs.ch\/2\/fachpersonen\/#breadcrumb\",\"itemListElement\":[{\"@type\":\"ListItem\",\"position\":1,\"name\":\"Startseite\",\"item\":\"https:\/\/muetterberatung-bl-bs.ch\/2\/\"},{\"@type\":\"ListItem\",\"position\":2,\"name\":\"Fachpersonen\"}]},{\"@type\":\"WebSite\",\"@id\":\"https:\/\/muetterberatung-bl-bs.ch\/2\/#website\",\"url\":\"https:\/\/muetterberatung-bl-bs.ch\/2\/\",\"name\":\"M\u00fctter- und V\u00e4terberatung BL\",\"description\":\"\",\"publisher\":{\"@id\":\"https:\/\/muetterberatung-bl-bs.ch\/2\/#organization\"},\"potentialAction\":[{\"@type\":\"SearchAction\",\"target\":{\"@type\":\"EntryPoint\",\"urlTemplate\":\"https:\/\/muetterberatung-bl-bs.ch\/2\/?s={search_term_string}\"},\"query-input\":{\"@type\":\"PropertyValueSpecification\",\"valueRequired\":true,\"valueName\":\"search_term_string\"}}],\"inLanguage\":\"de\"},{\"@type\":\"Organization\",\"@id\":\"https:\/\/muetterberatung-bl-bs.ch\/2\/#organization\",\"name\":\"M\u00fctter- und V\u00e4terberatung BL\",\"url\":\"https:\/\/muetterberatung-bl-bs.ch\/2\/\",\"logo\":{\"@type\":\"ImageObject\",\"inLanguage\":\"de\",\"@id\":\"https:\/\/muetterberatung-bl-bs.ch\/2\/#\/schema\/logo\/image\/\",\"url\":\"https:\/\/muetterberatung-bl-bs.ch\/2\/wp-content\/uploads\/2020\/11\/MV_Beratung_Logo_rgb.svg\",\"contentUrl\":\"https:\/\/muetterberatung-bl-bs.ch\/2\/wp-content\/uploads\/2020\/11\/MV_Beratung_Logo_rgb.svg\",\"width\":191,\"height\":65,\"caption\":\"M\u00fctter- und V\u00e4terberatung BL\"},\"image\":{\"@id\":\"https:\/\/muetterberatung-bl-bs.ch\/2\/#\/schema\/logo\/image\/\"}}]}<\/script>\n<!-- \/ Yoast SEO plugin. -->","yoast_head_json":{"title":"Fachpersonen &#8211; M\u00fctter- und V\u00e4terberatung BL","robots":{"index":"index","follow":"follow","max-snippet":"max-snippet:-1","max-image-preview":"max-image-preview:large","max-video-preview":"max-video-preview:-1"},"canonical":"https:\/\/muetterberatung-bl-bs.ch\/2\/fachpersonen\/","og_locale":"de_DE","og_type":"article","og_title":"Fachpersonen &#8211; M\u00fctter- und V\u00e4terberatung BL","og_url":"https:\/\/muetterberatung-bl-bs.ch\/2\/fachpersonen\/","og_site_name":"M\u00fctter- und V\u00e4terberatung BL","article_modified_time":"2024-06-12T07:10:24+00:00","twitter_card":"summary_large_image","twitter_misc":{"Gesch\u00e4tzte Lesezeit":"1\u00a0Minute"},"schema":{"@context":"https:\/\/schema.org","@graph":[{"@type":"WebPage","@id":"https:\/\/muetterberatung-bl-bs.ch\/2\/fachpersonen\/","url":"https:\/\/muetterberatung-bl-bs.ch\/2\/fachpersonen\/","name":"Fachpersonen &#8211; M\u00fctter- und V\u00e4terberatung BL","isPartOf":{"@id":"https:\/\/muetterberatung-bl-bs.ch\/2\/#website"},"datePublished":"2021-01-25T10:53:25+00:00","dateModified":"2024-06-12T07:10:24+00:00","breadcrumb":{"@id":"https:\/\/muetterberatung-bl-bs.ch\/2\/fachpersonen\/#breadcrumb"},"inLanguage":"de","potentialAction":[{"@type":"ReadAction","target":["https:\/\/muetterberatung-bl-bs.ch\/2\/fachpersonen\/"]}]},{"@type":"BreadcrumbList","@id":"https:\/\/muetterberatung-bl-bs.ch\/2\/fachpersonen\/#breadcrumb","itemListElement":[{"@type":"ListItem","position":1,"name":"Startseite","item":"https:\/\/muetterberatung-bl-bs.ch\/2\/"},{"@type":"ListItem","position":2,"name":"Fachpersonen"}]},{"@type":"WebSite","@id":"https:\/\/muetterberatung-bl-bs.ch\/2\/#website","url":"https:\/\/muetterberatung-bl-bs.ch\/2\/","name":"M\u00fctter- und V\u00e4terberatung BL","description":"","publisher":{"@id":"https:\/\/muetterberatung-bl-bs.ch\/2\/#organization"},"potentialAction":[{"@type":"SearchAction","target":{"@type":"EntryPoint","urlTemplate":"https:\/\/muetterberatung-bl-bs.ch\/2\/?s={search_term_string}"},"query-input":{"@type":"PropertyValueSpecification","valueRequired":true,"valueName":"search_term_string"}}],"inLanguage":"de"},{"@type":"Organization","@id":"https:\/\/muetterberatung-bl-bs.ch\/2\/#organization","name":"M\u00fctter- und V\u00e4terberatung BL","url":"https:\/\/muetterberatung-bl-bs.ch\/2\/","logo":{"@type":"ImageObject","inLanguage":"de","@id":"https:\/\/muetterberatung-bl-bs.ch\/2\/#\/schema\/logo\/image\/","url":"https:\/\/muetterberatung-bl-bs.ch\/2\/wp-content\/uploads\/2020\/11\/MV_Beratung_Logo_rgb.svg","contentUrl":"https:\/\/muetterberatung-bl-bs.ch\/2\/wp-content\/uploads\/2020\/11\/MV_Beratung_Logo_rgb.svg","width":191,"height":65,"caption":"M\u00fctter- und V\u00e4terberatung BL"},"image":{"@id":"https:\/\/muetterberatung-bl-bs.ch\/2\/#\/schema\/logo\/image\/"}}]}},"_links":{"self":[{"href":"https:\/\/muetterberatung-bl-bs.ch\/2\/wp-json\/wp\/v2\/pages\/2334","targetHints":{"allow":["GET"]}}],"collection":[{"href":"https:\/\/muetterberatung-bl-bs.ch\/2\/wp-json\/wp\/v2\/pages"}],"about":[{"href":"https:\/\/muetterberatung-bl-bs.ch\/2\/wp-json\/wp\/v2\/types\/page"}],"author":[{"embeddable":true,"href":"https:\/\/muetterberatung-bl-bs.ch\/2\/wp-json\/wp\/v2\/users\/1"}],"replies":[{"embeddable":true,"href":"https:\/\/muetterberatung-bl-bs.ch\/2\/wp-json\/wp\/v2\/comments?post=2334"}],"version-history":[{"count":0,"href":"https:\/\/muetterberatung-bl-bs.ch\/2\/wp-json\/wp\/v2\/pages\/2334\/revisions"}],"wp:attachment":[{"href":"https:\/\/muetterberatung-bl-bs.ch\/2\/wp-json\/wp\/v2\/media?parent=2334"}],"curies":[{"name":"wp","href":"https:\/\/api.w.org\/{rel}","templated":true}]}}